{"id":1476,"date":"2025-07-20T23:39:17","date_gmt":"2025-07-20T23:39:17","guid":{"rendered":"https:\/\/culturaysabor.com\/?page_id=1476"},"modified":"2025-07-20T23:47:55","modified_gmt":"2025-07-20T23:47:55","slug":"politica-de-pagos-y-devoluciones","status":"publish","type":"page","link":"https:\/\/culturaysabor.com\/index.php\/politica-de-pagos-y-devoluciones\/","title":{"rendered":"Pol\u00edtica de Pagos y Devoluciones"},"content":{"rendered":"\t\t<div data-elementor-type=\"wp-page\" data-elementor-id=\"1476\" class=\"elementor elementor-1476\">\n\t\t\t\t<div class=\"elementor-element elementor-element-1a763a3 e-flex e-con-boxed e-con e-parent\" data-id=\"1a763a3\" data-element_type=\"container\">\n\t\t\t\t\t<div class=\"e-con-inner\">\n\t\t\t\t<div class=\"elementor-element elementor-element-0b2b7a9 elementor-widget elementor-widget-text-editor\" data-id=\"0b2b7a9\" data-element_type=\"widget\" data-widget_type=\"text-editor.default\">\n\t\t\t\t\t\t\t\t\t<h3 data-start=\"312\" data-end=\"352\"><strong data-start=\"316\" data-end=\"350\">Pol\u00edtica de Pagos y Reembolsos <\/strong>01\/01\/2025<\/h3><p data-start=\"395\" data-end=\"671\">En <strong data-start=\"398\" data-end=\"417\">Cultura y Sabor<\/strong>, ofrecemos planes promocionales para restaurantes, cafeter\u00edas, food trucks y bares latinos que desean aumentar su visibilidad en nuestra plataforma. Al contratar cualquiera de nuestros servicios pagados, aceptas los t\u00e9rminos establecidos a continuaci\u00f3n.<\/p><hr data-start=\"673\" data-end=\"676\" \/><h3 data-start=\"678\" data-end=\"699\">1. Planes y pagos<\/h3><p data-start=\"700\" data-end=\"906\">Los pagos por planes de visibilidad (mensuales) se realizan a trav\u00e9s de plataformas seguras como Stripe o PayPal. Todos los precios est\u00e1n expresados en d\u00f3lares estadounidenses (USD).<\/p><p data-start=\"908\" data-end=\"948\">Los planes disponibles pueden incluir:<\/p><ul data-start=\"949\" data-end=\"1096\"><li data-start=\"949\" data-end=\"993\"><p data-start=\"951\" data-end=\"993\"><strong data-start=\"951\" data-end=\"974\">Presencia destacada<\/strong> en el directorio<\/p><\/li><li data-start=\"994\" data-end=\"1041\"><p data-start=\"996\" data-end=\"1041\"><strong data-start=\"996\" data-end=\"1021\">Contenido promocional<\/strong> en redes sociales<\/p><\/li><li data-start=\"1042\" data-end=\"1096\"><p data-start=\"1044\" data-end=\"1096\"><strong data-start=\"1044\" data-end=\"1096\">Publicaciones especiales o campa\u00f1as de temporada<\/strong><\/p><\/li><\/ul><hr data-start=\"1098\" data-end=\"1101\" \/><h3 data-start=\"1103\" data-end=\"1134\">2. Facturaci\u00f3n y renovaci\u00f3n<\/h3><ul data-start=\"1135\" data-end=\"1488\"><li data-start=\"1135\" data-end=\"1249\"><p data-start=\"1137\" data-end=\"1249\">Los planes mensuales se <strong data-start=\"1161\" data-end=\"1189\">renuevan autom\u00e1ticamente<\/strong>, a menos que se cancelen antes de la fecha de renovaci\u00f3n.<\/p><\/li><li data-start=\"1250\" data-end=\"1347\"><p data-start=\"1252\" data-end=\"1347\">Puedes cancelar tu suscripci\u00f3n en cualquier momento antes del siguiente ciclo de facturaci\u00f3n.<\/p><\/li><li data-start=\"1348\" data-end=\"1488\"><p data-start=\"1350\" data-end=\"1488\">No se emiten reembolsos por per\u00edodos de suscripci\u00f3n ya iniciados, salvo que se trate de un <strong data-start=\"1441\" data-end=\"1458\">error t\u00e9cnico<\/strong> atribuible a nuestro sistema.<\/p><\/li><\/ul><hr data-start=\"1490\" data-end=\"1493\" \/><h3 data-start=\"1495\" data-end=\"1512\">3. Reembolsos<\/h3><p data-start=\"1513\" data-end=\"1569\">Solo se considerar\u00e1n reembolsos en los siguientes casos:<\/p><ul data-start=\"1571\" data-end=\"1724\"><li data-start=\"1571\" data-end=\"1589\"><p data-start=\"1573\" data-end=\"1589\">Cobro duplicado.<\/p><\/li><li data-start=\"1590\" data-end=\"1641\"><p data-start=\"1592\" data-end=\"1641\">Fallo en la publicaci\u00f3n del contenido contratado.<\/p><\/li><li data-start=\"1642\" data-end=\"1724\"><p data-start=\"1644\" data-end=\"1724\">Error t\u00e9cnico que impida la visibilidad del restaurante durante m\u00e1s de 72 horas.<\/p><\/li><\/ul><p data-start=\"1726\" data-end=\"1849\">Las solicitudes de reembolso deben enviarse por escrito a <b>info@culturaysabor.com<\/b>\u00a0en un plazo no mayor a <strong data-start=\"1823\" data-end=\"1833\">7 d\u00edas<\/strong> desde el cobro.<\/p><hr data-start=\"1851\" data-end=\"1854\" \/><h3 data-start=\"1856\" data-end=\"1887\">4. Cancelaci\u00f3n de servicios<\/h3><p data-start=\"1888\" data-end=\"2051\">Nos reservamos el derecho de cancelar una cuenta o servicio si se detecta contenido falso, discriminatorio, ofensivo o que incumpla nuestras normas de publicaci\u00f3n.<\/p><hr data-start=\"2053\" data-end=\"2056\" \/><h3 data-start=\"2058\" data-end=\"2073\">5. Contacto<\/h3><p data-start=\"2074\" data-end=\"2177\">Para dudas sobre pagos, facturaci\u00f3n o cancelaciones, cont\u00e1ctanos en:<br data-start=\"2142\" data-end=\"2145\" \/><span data-start=\"2148\" data-end=\"2177\"><a class=\"cursor-pointer\" rel=\"noopener\"><span style=\"color: #888b90;\">info@culturaysabor.com<\/span><\/a><\/span><\/p>\t\t\t\t\t\t\t\t<\/div>\n\t\t\t\t\t<\/div>\n\t\t\t\t<\/div>\n\t\t\t\t<\/div>\n\t\t","protected":false},"excerpt":{"rendered":"<p>Pol\u00edtica de Pagos y Reembolsos 01\/01\/2025 En Cultura y Sabor, ofrecemos planes promocionales para restaurantes, cafeter\u00edas, food trucks y bares latinos que desean aumentar su visibilidad en nuestra plataforma. Al contratar cualquiera de nuestros servicios pagados, aceptas los t\u00e9rminos establecidos a continuaci\u00f3n. 1. Planes y pagos Los pagos por planes de visibilidad (mensuales) se realizan [&hellip;]<\/p>\n","protected":false},"author":1,"featured_media":0,"parent":0,"menu_order":0,"comment_status":"closed","ping_status":"closed","template":"","meta":{"footnotes":""},"class_list":["post-1476","page","type-page","status-publish","hentry"],"jetpack_sharing_enabled":true,"_links":{"self":[{"href":"https:\/\/culturaysabor.com\/index.php\/wp-json\/wp\/v2\/pages\/1476","targetHints":{"allow":["GET"]}}],"collection":[{"href":"https:\/\/culturaysabor.com\/index.php\/wp-json\/wp\/v2\/pages"}],"about":[{"href":"https:\/\/culturaysabor.com\/index.php\/wp-json\/wp\/v2\/types\/page"}],"author":[{"embeddable":true,"href":"https:\/\/culturaysabor.com\/index.php\/wp-json\/wp\/v2\/users\/1"}],"replies":[{"embeddable":true,"href":"https:\/\/culturaysabor.com\/index.php\/wp-json\/wp\/v2\/comments?post=1476"}],"version-history":[{"count":7,"href":"https:\/\/culturaysabor.com\/index.php\/wp-json\/wp\/v2\/pages\/1476\/revisions"}],"predecessor-version":[{"id":1487,"href":"https:\/\/culturaysabor.com\/index.php\/wp-json\/wp\/v2\/pages\/1476\/revisions\/1487"}],"wp:attachment":[{"href":"https:\/\/culturaysabor.com\/index.php\/wp-json\/wp\/v2\/media?parent=1476"}],"curies":[{"name":"wp","href":"https:\/\/api.w.org\/{rel}","templated":true}]}}