{"id":1455,"date":"2025-07-20T23:02:56","date_gmt":"2025-07-20T23:02:56","guid":{"rendered":"https:\/\/culturaysabor.com\/?page_id=1455"},"modified":"2025-07-21T00:00:02","modified_gmt":"2025-07-21T00:00:02","slug":"politica-de-privacidad","status":"publish","type":"page","link":"https:\/\/culturaysabor.com\/index.php\/politica-de-privacidad\/","title":{"rendered":"Pol\u00edtica de privacidad"},"content":{"rendered":"\t\t<div data-elementor-type=\"wp-page\" data-elementor-id=\"1455\" class=\"elementor elementor-1455\">\n\t\t\t\t<div class=\"elementor-element elementor-element-3c8fc562 e-flex e-con-boxed e-con e-parent\" data-id=\"3c8fc562\" data-element_type=\"container\">\n\t\t\t\t\t<div class=\"e-con-inner\">\n\t\t\t\t<div class=\"elementor-element elementor-element-622174b8 elementor-widget elementor-widget-text-editor\" data-id=\"622174b8\" data-element_type=\"widget\" data-widget_type=\"text-editor.default\">\n\t\t\t\t\t\t\t\t\t\n<h3 class=\"wp-block-heading\"><b>Polit\u00edtica De Privacidad <\/b>01\/01\/2025<\/h3>\n\n<p>En <strong>Cultura y Sabor<\/strong>, respetamos tu privacidad y estamos comprometidos con proteger los datos personales que recopilamos a trav\u00e9s de nuestro sitio web <a>www.culturaysabor.com<\/a>.<\/p>\n\n<h3 class=\"wp-block-heading\">1. Informaci\u00f3n que recopilamos:<\/h3>\n\n<ul class=\"wp-block-list\">\n<li>Nombre, correo electr\u00f3nico y otra informaci\u00f3n proporcionada voluntariamente (por ejemplo, al registrarte como restaurante).<\/li>\n\n<li>Informaci\u00f3n t\u00e9cnica como direcci\u00f3n IP, navegador, y datos de navegaci\u00f3n (mediante cookies o herramientas anal\u00edticas).<\/li>\n<\/ul>\n\n<h3 class=\"wp-block-heading\">2. C\u00f3mo usamos tu informaci\u00f3n:<\/h3>\n\n<ul class=\"wp-block-list\">\n<li>Para responder a tus consultas o solicitudes.<\/li>\n\n<li>Para mostrarte contenido personalizado o relevante.<\/li>\n\n<li>Para mejorar nuestro sitio y servicios.<\/li>\n\n<li>Para fines promocionales o informativos (solo si nos das tu consentimiento).<\/li>\n<\/ul>\n\n<h3 class=\"wp-block-heading\">3. Cookies:<\/h3>\n\n<p>Utilizamos cookies para mejorar tu experiencia. Puedes desactivarlas desde la configuraci\u00f3n de tu navegador.<\/p>\n\n<h3 class=\"wp-block-heading\">4. Terceros:<\/h3>\n\n<p>No vendemos ni compartimos tu informaci\u00f3n con terceros, salvo con proveedores que nos ayudan a operar el sitio (como servicios de anal\u00edtica o correo electr\u00f3nico), quienes est\u00e1n obligados a proteger tu informaci\u00f3n.<\/p>\n\n<h3 class=\"wp-block-heading\">5. Tus derechos:<\/h3>\n\n<p>Tienes derecho a acceder, corregir o eliminar tus datos personales. Escr\u00edbenos a <strong>info@culturaysabor.com<\/strong> si deseas ejercer esos derechos.<\/p>\n\n<h3 class=\"wp-block-heading\">6. Seguridad:<\/h3>\n\n<p>Tomamos medidas razonables para proteger tu informaci\u00f3n, pero no podemos garantizar seguridad absoluta en internet.<\/p>\n\t\t\t\t\t\t\t\t<\/div>\n\t\t\t\t\t<\/div>\n\t\t\t\t<\/div>\n\t\t\t\t<\/div>\n\t\t","protected":false},"excerpt":{"rendered":"<p>Polit\u00edtica De Privacidad 01\/01\/2025 En Cultura y Sabor, respetamos tu privacidad y estamos comprometidos con proteger los datos personales que recopilamos a trav\u00e9s de nuestro sitio web www.culturaysabor.com. 1. Informaci\u00f3n que recopilamos: 2. C\u00f3mo usamos tu informaci\u00f3n: 3. Cookies: Utilizamos cookies para mejorar tu experiencia. Puedes desactivarlas desde la configuraci\u00f3n de tu navegador. 4. Terceros: [&hellip;]<\/p>\n","protected":false},"author":1,"featured_media":0,"parent":0,"menu_order":0,"comment_status":"closed","ping_status":"closed","template":"","meta":{"footnotes":""},"class_list":["post-1455","page","type-page","status-publish","hentry"],"jetpack_sharing_enabled":true,"_links":{"self":[{"href":"https:\/\/culturaysabor.com\/index.php\/wp-json\/wp\/v2\/pages\/1455","targetHints":{"allow":["GET"]}}],"collection":[{"href":"https:\/\/culturaysabor.com\/index.php\/wp-json\/wp\/v2\/pages"}],"about":[{"href":"https:\/\/culturaysabor.com\/index.php\/wp-json\/wp\/v2\/types\/page"}],"author":[{"embeddable":true,"href":"https:\/\/culturaysabor.com\/index.php\/wp-json\/wp\/v2\/users\/1"}],"replies":[{"embeddable":true,"href":"https:\/\/culturaysabor.com\/index.php\/wp-json\/wp\/v2\/comments?post=1455"}],"version-history":[{"count":7,"href":"https:\/\/culturaysabor.com\/index.php\/wp-json\/wp\/v2\/pages\/1455\/revisions"}],"predecessor-version":[{"id":1484,"href":"https:\/\/culturaysabor.com\/index.php\/wp-json\/wp\/v2\/pages\/1455\/revisions\/1484"}],"wp:attachment":[{"href":"https:\/\/culturaysabor.com\/index.php\/wp-json\/wp\/v2\/media?parent=1455"}],"curies":[{"name":"wp","href":"https:\/\/api.w.org\/{rel}","templated":true}]}}